03, 53189
What are the prime factors of 292764063?
3, 97588021
List the prime factors of 4857908097.
3, 7, 67, 3452671
What are the prime factors of 1663037958?
2, 3, 12743, 21751
What are the prime factors of 43707192?
2, 3, 53, 34361
What are the prime factors of 44065950?
2, 3, 5, 293773
List the prime factors of 724627530.
2, 3, 5, 11, 101, 7247
List the prime factors of 324998159.
739, 439781
List the prime factors of 69761351.
11, 43, 147487
List the prime factors of 1923714468.
2, 3, 13, 787, 1741
List the prime factors of 199705933.
7, 28529419
What are the prime factors of 2071964874?
2, 3, 7, 49332497
What are the prime factors of 503097150?
2, 3, 5, 17, 197293
What are the prime factors of 147708464?
2, 2477, 3727
What are the prime factors of 303110518?
2, 79, 509, 3769
What are the prime factors of 354124629?
3, 23, 63361
What are the prime factors of 91612957?
91612957
List the prime factors of 114622812.
2, 3, 3183967
List the prime factors of 5730529459.
31, 184855789
List the prime factors of 766420800.
2, 3, 5, 159671
List the prime factors of 169435125.
3, 5, 61, 823
List the prime factors of 2497873676.
2, 53, 1229, 9587
What are the prime factors of 56726107?
109, 520423
What are the prime factors of 6402283?
71, 90173
What are the prime factors of 2128569177?
3, 7, 6661, 15217
List the prime factors of 69180471.
3, 7686719
What are the prime factors of 366763066?
2, 17, 1297, 8317
List the prime factors of 1424922479.
2617, 544487
List the prime factors of 254714890.
2, 5, 25471489
What are the prime factors of 2072788459?
7, 6173, 47969
List the prime factors of 73055063.
73055063
What are the prime factors of 79320086?
2, 6229, 6367
What are the prime factors of 866471896?
2, 19, 5700473
List the prime factors of 1446807188.
2, 361701797
List the prime factors of 103297764.
2, 3, 8608147
List the prime factors of 38145794.
2, 409, 46633
List the prime factors of 2801756.
2, 569, 1231
List the prime factors of 62977444.
2, 29, 97, 193
List the prime factors of 6234882056.
2, 13, 17, 137, 25741
What are the prime factors of 14496132?
2, 3, 7, 172573
List the prime factors of 3010358147.
17, 37, 43, 111301
What are the prime factors of 1597632855?
3, 5, 7, 13, 41, 28547
What are the prime factors of 826283132?
2, 307, 672869
What are the prime factors of 5891850?
2, 3, 5, 13093
What are the prime factors of 160355953?
19, 421, 20047
What are the prime factors of 22092542?
2, 11046271
List the prime factors of 27234595.
5, 17, 373, 859
List the prime factors of 174689482.
2, 11, 61, 130171
List the prime factors of 26309695.
5, 107, 49177
List the prime factors of 2634607491.
3, 878202497
What are the prime factors of 710039661?
3, 139, 397, 4289
What are the prime factors of 4417137?
3, 163, 3011
What are the prime factors of 59533?
37, 1609
List the prime factors of 1577537772.
2, 3, 37, 97, 36629
List the prime factors of 376866204.
2, 3, 11, 13, 219619
List the prime factors of 167985616.
2, 67, 156703
What are the prime factors of 1339787051?
17, 78811003
What are the prime factors of 5762934160?
2, 5, 1297, 55541
What are the prime factors of 5152621274?
2, 173, 677, 21997
What are the prime factors of 364659051?
3, 7867, 15451
List the prime factors of 457169997.
3, 53, 1609, 1787
What are the prime factors of 402961930?
2, 5, 7, 5756599
List the prime factors of 2781113850.
2, 3, 5, 31, 73, 2731
List the prime factors of 16755830.
2, 5, 7, 13, 18413
List the prime factors of 95823605.
5, 4133, 4637
List the prime factors of 223141049.
6221, 35869
List the prime factors of 87085378.
2, 43542689
List the prime factors of 27150743.
2281, 11903
List the prime factors of 120152726.
2, 60076363
List the prime factors of 630863847.
3, 97, 722639
What are the prime factors of 161072378?
2, 89, 904901
What are the prime factors of 65585166?
2, 3, 10930861
What are the prime factors of 922080872?
2, 1019, 113111
What are the prime factors of 18382831?
17, 283, 3821
List the prime factors of 531149011.
97, 167, 32789
List the prime factors of 60078212.
2, 71, 211543
List the prime factors of 138713779.
47, 59, 50023
List the prime factors of 5171457.
3, 47, 36677
What are the prime factors of 698437916?
2, 11, 3701, 4289
List the prime factors of 71429931.
3, 727, 1213
What are the prime factors of 29642782?
2, 13, 103, 11069
List the prime factors of 193199411.
11887, 16253
List the prime factors of 5538265.
5, 1019, 1087
List the prime factors of 228631682.
2, 114315841
List the prime factors of 43394050.
2, 5, 7, 123983
What are the prime factors of 7102083154?
2, 571, 6218987
List the prime factors of 5758458583.
36191, 159113
What are the prime factors of 16647651?
3, 31, 59669
List the prime factors of 182670824.
2, 7, 66571
What are the prime factors of 198649854?
2, 3, 13, 282977
List the prime factors of 51499938.
2, 3, 7, 1226189
What are the prime factors of 2860168854?
2, 3, 61, 7814669
What are the prime factors of 69910253?
7, 19, 525641
List the prime factors of 38114036.
2, 23, 414283
What are the prime factors of 427419584?
2, 6678431
List the prime factors of 854230758.
2, 3, 142371793
What are the prime factors of 1078702915?
5, 367, 587849
List the prime factors of 58008570.
2, 3, 5, 103, 18773
What are the prime factors of 339726265?
5, 1667, 40759
What are the prime factors of 1007956602?
2, 3, 233, 80111
What are the prime factors of 7817845815?
3, 5, 13, 47, 10531
List the prime factors of 352837557.
3, 1559, 25147
What are the prime factors of 753433834?
2, 376716917
What are the prime factors of 4567857232?
2, 41, 163, 42719
What are the prime factors of 18473613?
3, 31, 198641
List the prime factors of 1343862806.
2, 11, 13, 53, 88657
List the prime factors of 509723023.
9511, 53593
List the prime factors of 72059586.
2, 3, 1193, 10067
List the prime factors of 52393335.
3, 5, 83, 42083
What are the prime factors of 76822310?
2, 5, 83, 92557
What are the prime factors of 334133751?
3, 7, 103, 179, 863
What are the prime factors of 1166361827?
653, 1786159
What are the prime factors of 836484680?
2, 5, 3911, 5347
List the prime factors of 479433468.
2, 3, 39952789
What are the prime factors of 1686583351?
1686583351
List the prime factors of 118084272.
2, 3, 379, 6491
What are the prime factors of 555070476?
2, 3, 61, 617, 1229
List the prime factors of 15407934.
2, 3, 941, 2729
List the prime factors of 1315430289.
3, 73, 97, 20641
What are the prime factors of 384914143?
53, 7262531
What are the prime factors of 1720851052?
2, 19, 787, 28771
List the prime factors of 40262117.
7, 173, 33247
List the prime factors of 417843677.
47, 8890291
What are the prime factors of 46543933?
46543933
List the prime factors of 59006726.
2, 59, 500057
What are the prime factors of 4259086609?
359, 11863751
List the prime factors of 11337084.
2, 3, 11, 3181
List the prime factors of 3882956694.
2, 3, 647159449
What are the prime factors of 17047609?
53, 61, 5273
What are the prime factors of 224932960?
2, 5, 7, 229, 877
What are the prime factors of 486623284?
2, 7, 1117, 15559
What are the prime factors of 126827529?
3, 163, 419, 619
What are the prime factors of 2082248934?
2, 3, 73, 4753993
What are the prime factors of 1091224146?
2, 3, 181870691
List the prime factors of 207234540.
2, 3, 5, 1151303
List the prime factors of 3140623700.
2, 5, 31406237
List the prime factors of 165979928.
2, 37, 683, 821
List the prime factors of 49812614.
2, 24906307
List the prime factors of 30888720.
2, 3, 5, 42901
What are the prime factors of 226480462?
2, 13, 1013, 8599
List the prime factors of 61755979.
47, 1313957
List the prime factors of 259748061.
3, 1999, 43313
List the prime factors of 51939842.
2, 23, 1129127
What are the prime factors of 310982043?
3, 103660681
What are the prime factors of 180086767?
7, 283, 90907
List the prime factors of 146505332.
2, 29, 1021, 1237
What are the prime factors of 11297937?
3, 7, 233, 2309
List the prime factors of 857085732.
2, 3, 7935979
List the prime factors of 2743098036.
2, 3, 7, 17, 23, 47, 1777
List the prime factors of 3072017820.
2, 3, 5, 2857, 17921
List the prime factors of 105480383.
31, 3402593
What are the prime factors of 14057479?
131, 107309
List the prime 